{"id":47,"date":"2021-12-20T17:28:53","date_gmt":"2021-12-20T17:28:53","guid":{"rendered":"https:\/\/www.uncoupdemeung.fr\/?page_id=47"},"modified":"2024-09-20T21:58:38","modified_gmt":"2024-09-20T19:58:38","slug":"commission-energie","status":"publish","type":"page","link":"https:\/\/www.uncoupdemeung.fr\/?page_id=47","title":{"rendered":"Commission Energie"},"content":{"rendered":"\n<p>L&rsquo;\u00e9quipe ENERGIE de l&rsquo;association et se r\u00e9unira en 2024-2025 sur les dates suivantes :<br><strong>Toutes les r\u00e9unions \u00e0 20 h 30\u00a0:<\/strong> 17 septembre\u00a0en visio, 3 octobre en salle, 15 octobre en  visio, 5 novembre\u00a0en salle, 21 novembre\u00a0en visio, 3 d\u00e9cembre\u00a0en salle, 19 d\u00e9cembre\u00a0en visio<\/p>\n\n\n\n<ul class=\"wp-block-list\">\n<li>Projet d&rsquo;installation de panneaux photovolta\u00efque: <strong><a href=\"https:\/\/www.uncoupdemeung.fr\/?p=1185\"><mark style=\"background-color:rgba(0, 0, 0, 0)\" class=\"has-inline-color has-vivid-red-color\">Des Watts en Meung !<\/mark><\/a><\/strong><\/li>\n\n\n\n<li>Participation active \u00e0 la cr\u00e9ation de la <a href=\"https:\/\/www.uncoupdemeung.fr\/?p=1189\"><mark style=\"background-color:rgba(0, 0, 0, 0)\" class=\"has-inline-color has-vivid-cyan-blue-color\">SAS WATT O CENTRE<\/mark><\/a><\/li>\n\n\n\n<li>Sensibilisation : <a href=\"https:\/\/www.uncoupdemeung.fr\/?p=1098\">conf\u00e9rence photovolta\u00efque \u00e0 Baule<\/a><\/li>\n\n\n\n<li>Point relais d&rsquo;achat de tubes solaires vendus par \u00ab\u00a0<a href=\"https:\/\/www.dusoleildansnosassiettes.com\/tube-de-sterilisation-solaire\"><mark style=\"background-color:rgba(0, 0, 0, 0)\" class=\"has-inline-color has-vivid-green-cyan-color\">Du soleil dans nos assiettes<\/mark><\/a>\u00ab\u00a0<\/li>\n\n\n\n<li>Organisation de commande group\u00e9e de panneaux \u00e0 positionner au sol (<em>nous contacter : <strong>uncoupdemeung@ecomail-asso.com<\/strong><\/em>)<\/li>\n\n\n\n<li><\/li>\n<\/ul>\n","protected":false},"excerpt":{"rendered":"<p>L&rsquo;\u00e9quipe ENERGIE de l&rsquo;association et se r\u00e9unira en 2024-2025 sur les dates suivantes :Toutes les r\u00e9unions \u00e0 20 h 30\u00a0: 17 septembre\u00a0en visio, 3 octobre en salle, 15 octobre en [&hellip;]<\/p>\n","protected":false},"author":1,"featured_media":0,"parent":45,"menu_order":0,"comment_status":"closed","ping_status":"closed","template":"","meta":{"footnotes":""},"class_list":["post-47","page","type-page","status-publish","hentry","entry"],"_links":{"self":[{"href":"https:\/\/www.uncoupdemeung.fr\/index.php?rest_route=\/wp\/v2\/pages\/47","targetHints":{"allow":["GET"]}}],"collection":[{"href":"https:\/\/www.uncoupdemeung.fr\/index.php?rest_route=\/wp\/v2\/pages"}],"about":[{"href":"https:\/\/www.uncoupdemeung.fr\/index.php?rest_route=\/wp\/v2\/types\/page"}],"author":[{"embeddable":true,"href":"https:\/\/www.uncoupdemeung.fr\/index.php?rest_route=\/wp\/v2\/users\/1"}],"replies":[{"embeddable":true,"href":"https:\/\/www.uncoupdemeung.fr\/index.php?rest_route=%2Fwp%2Fv2%2Fcomments&post=47"}],"version-history":[{"count":12,"href":"https:\/\/www.uncoupdemeung.fr\/index.php?rest_route=\/wp\/v2\/pages\/47\/revisions"}],"predecessor-version":[{"id":1442,"href":"https:\/\/www.uncoupdemeung.fr\/index.php?rest_route=\/wp\/v2\/pages\/47\/revisions\/1442"}],"up":[{"embeddable":true,"href":"https:\/\/www.uncoupdemeung.fr\/index.php?rest_route=\/wp\/v2\/pages\/45"}],"wp:attachment":[{"href":"https:\/\/www.uncoupdemeung.fr\/index.php?rest_route=%2Fwp%2Fv2%2Fmedia&parent=47"}],"curies":[{"name":"wp","href":"https:\/\/api.w.org\/{rel}","templated":true}]}}

<p>L&rsquo;équipe ENERGIE de l&rsquo;association et se réunira en 2024-2025 sur les dates suivantes :<br><strong>Toutes les réunions à 20 h 30 :</strong> 17 septembre en visio, 3 octobre en salle, 15 octobre en  visio, 5 novembre en salle, 21 novembre en visio, 3 décembre en salle, 19 décembre en visio</p>



<ul class="wp-block-list">
<li>Projet d&rsquo;installation de panneaux photovoltaïque: <strong><a href="https://www.uncoupdemeung.fr/?p=1185"><mark style="background-color:rgba(0, 0, 0, 0)" class="has-inline-color has-vivid-red-color">Des Watts en Meung !</mark></a></strong></li>



<li>Participation active à la création de la <a href="https://www.uncoupdemeung.fr/?p=1189"><mark style="background-color:rgba(0, 0, 0, 0)" class="has-inline-color has-vivid-cyan-blue-color">SAS WATT O CENTRE</mark></a></li>



<li>Sensibilisation : <a href="https://www.uncoupdemeung.fr/?p=1098">conférence photovoltaïque à Baule</a></li>



<li>Point relais d&rsquo;achat de tubes solaires vendus par « <a href="https://www.dusoleildansnosassiettes.com/tube-de-sterilisation-solaire"><mark style="background-color:rgba(0, 0, 0, 0)" class="has-inline-color has-vivid-green-cyan-color">Du soleil dans nos assiettes</mark></a>« </li>



<li>Organisation de commande groupée de panneaux à positionner au sol (<em>nous contacter : <strong>uncoupdemeung@ecomail-asso.com</strong></em>)</li>



<li></li>
</ul>

<p>L&rsquo;équipe ENERGIE de l&rsquo;association et se réunira en 2024-2025 sur les dates suivantes :Toutes les réunions à 20 h 30 : 17 septembre en visio, 3 octobre en salle, 15 octobre en [&hellip;]</p>
