{"id":51,"date":"2021-12-20T17:30:11","date_gmt":"2021-12-20T17:30:11","guid":{"rendered":"https:\/\/www.uncoupdemeung.fr\/?page_id=51"},"modified":"2023-10-26T09:20:01","modified_gmt":"2023-10-26T09:20:01","slug":"commission-jardin-permaculture","status":"publish","type":"page","link":"https:\/\/www.uncoupdemeung.fr\/?page_id=51","title":{"rendered":"Commission Jardins"},"content":{"rendered":"\n<p>Ce groupe&nbsp;a pour objectifs de partager les savoirs faire pour une production alimentaire durable et agir concr\u00e8tement via des ateliers.<\/p>\n\n\n\n<p>Organisation&nbsp;: <\/p>\n\n\n\n<ul class=\"wp-block-list\">\n<li>Une r\u00e9union mensuelle pour l\u2019ensemble du groupe \u00ab&nbsp;<strong>On prend la m\u00e9t\u00e9o et on partage nos exp\u00e9riences<\/strong>&nbsp;\u00bb. Cette ann\u00e9e, nous nous r\u00e9unirons principalement sur notre jardin partag\u00e9 \u00e0 Baulette. <\/li>\n\n\n\n<li>Un groupe WhatsApp nous permet de nous inform\u00e9s des \u00e9v\u00e8nements et actions \u00e0 r\u00e9aliser<\/li>\n\n\n\n<li>Si vous souhaitez nous rejoindre n&rsquo;h\u00e9sitez pas \u00e0 nous envoyer un petit mail : uncoupdemeung@ecomail-asso.com<\/li>\n<\/ul>\n\n\n\n<p><strong>Jardin partag\u00e9<\/strong><\/p>\n\n\n\n<p>Les \u00e9v\u00e8nements mensuels de la commission Jardins seront compl\u00e9t\u00e9s par un groupe sp\u00e9cifiquement d\u00e9di\u00e9 \u00e0 la <strong>vie du jardin partag\u00e9<\/strong> qui se r\u00e9unira au besoin au jardin partag\u00e9 de Baulette. Pour ceux qui ne conna\u00eetraient pas encore notre\u00a0<strong>jardin partag\u00e9<\/strong>\u00a0:<\/p>\n\n\n\n<ul class=\"wp-block-list\">\n<li>Il se situe \u00e0 Baulette, le long de la Loire \u00e0 v\u00e9lo, \u00e0 5 min en v\u00e9lo du mail de Meung sur Loire.<\/li>\n\n\n\n<li>Anciennement g\u00e9r\u00e9 par l&rsquo;association \u00ab\u00a0Un brin de soleil\u00a0\u00bb (jusqu&rsquo;\u00e0 fin 2021), le terrain est mis \u00e0 disposition par un habitant de Baule sous condition d&rsquo;entretien et une reconduction annuelle.<\/li>\n\n\n\n<li>Il est ouvert \u00e0 tous les adh\u00e9rents qui le souhaitent (inscription par retour de mail, signature du r\u00e8glement int\u00e9rieur)<\/li>\n\n\n\n<li>C&rsquo;est un lieu de partage d&rsquo;exp\u00e9riences (activit\u00e9 en groupe selon planning) et d&rsquo;exp\u00e9rience (permaculture, biodiversit\u00e9, association de culture&#8230;), pour faciliter\u00a0ce partage, on vous propose de privil\u00e9gier un\u00a0cr\u00e9neau <strong>tous les samedis matin de 10h \u00e0 12h <\/strong>pour venir au jardin<strong>.<\/strong><\/li>\n\n\n\n<li>C&rsquo;est aussi un espace de d\u00e9tente ouvert aux jardiniers quand ils le souhaitent (pas besoin d&rsquo;\u00eatre \u00e0 plusieurs syst\u00e9matiquement), le cadenas a code \u00e0 l&rsquo;entr\u00e9e vous permet d&rsquo;intervenir quand vous voulez.<\/li>\n\n\n\n<li>Un cabanon avec des outils est \u00e0 disposition des jardiniers sur place (nous pr\u00e9voyons d&rsquo;acheter une grelinette prochainement), des r\u00e9servoirs \u00e0 eau sont aussi disponibles pour l&rsquo;arrosage.<\/li>\n\n\n\n<li>Chantiers \u00e0 pr\u00e9voir en 2023-2024 : nouveau dessin du jardin, alimentation en eau, nettoyage, r\u00e9habilitation d&rsquo;une partie de la serre<\/li>\n\n\n\n<li><a href=\"https:\/\/www.uncoupdemeung.fr\/?p=886\"><mark style=\"background-color:rgba(0, 0, 0, 0)\" class=\"has-inline-color has-vivid-red-color\">Ev\u00e8nements mensuels du Jardin partag\u00e9 de Baulette \u2013 Un coup de Meung pour la plan\u00e8te<\/mark><\/a><\/li>\n<\/ul>\n\n\n\n<p><strong>Projet For\u00eat Jardin<\/strong><\/p>\n\n\n\n<p>Pour compl\u00e9ter le tour d&rsquo;horizon, nous sommes toujours en recherche d&rsquo;un terrain sur lequel investir sur du long terme avec plantation d&rsquo;arbres, de fruitiers, d&rsquo;arbuste, et autres afin de cr\u00e9er une for\u00eat jardin. Si vous \u00eates int\u00e9ress\u00e9s, faites nous signe, un groupe de travail regroupant les associations de Cl\u00e9ry en transition (Cl\u00e9ry St Andr\u00e9), De la graine aux fruits (Lailly en val), Le labO (Beaugency), Le coquelicot (St Hilaire st Mesmin), &#8230;<\/p>\n\n\n\n<p>Un <a href=\"https:\/\/www.uncoupdemeung.fr\/?p=595\">projet de For\u00eat Verger<\/a> a \u00e9t\u00e9 initi\u00e9 d\u00e9but 2023, au programme du printemps: d\u00e9broussaillage, inventaire des esp\u00e8ces pr\u00e9sentes, choix de la zone d&rsquo;implantation de la for\u00eat jardin, partage au plus grand nombre ! A la suite, choix des esp\u00e8ces fruiti\u00e8res \u00e0 ajouter, recherche de financement,  achat des plant, plantations !<\/p>\n","protected":false},"excerpt":{"rendered":"<p>Ce groupe&nbsp;a pour objectifs de partager les savoirs faire pour une production alimentaire durable et agir concr\u00e8tement via des ateliers. Organisation&nbsp;: Jardin partag\u00e9 Les \u00e9v\u00e8nements mensuels de la commission Jardins [&hellip;]<\/p>\n","protected":false},"author":1,"featured_media":0,"parent":45,"menu_order":0,"comment_status":"closed","ping_status":"closed","template":"","meta":{"footnotes":""},"class_list":["post-51","page","type-page","status-publish","hentry","entry"],"_links":{"self":[{"href":"https:\/\/www.uncoupdemeung.fr\/index.php?rest_route=\/wp\/v2\/pages\/51","targetHints":{"allow":["GET"]}}],"collection":[{"href":"https:\/\/www.uncoupdemeung.fr\/index.php?rest_route=\/wp\/v2\/pages"}],"about":[{"href":"https:\/\/www.uncoupdemeung.fr\/index.php?rest_route=\/wp\/v2\/types\/page"}],"author":[{"embeddable":true,"href":"https:\/\/www.uncoupdemeung.fr\/index.php?rest_route=\/wp\/v2\/users\/1"}],"replies":[{"embeddable":true,"href":"https:\/\/www.uncoupdemeung.fr\/index.php?rest_route=%2Fwp%2Fv2%2Fcomments&post=51"}],"version-history":[{"count":6,"href":"https:\/\/www.uncoupdemeung.fr\/index.php?rest_route=\/wp\/v2\/pages\/51\/revisions"}],"predecessor-version":[{"id":934,"href":"https:\/\/www.uncoupdemeung.fr\/index.php?rest_route=\/wp\/v2\/pages\/51\/revisions\/934"}],"up":[{"embeddable":true,"href":"https:\/\/www.uncoupdemeung.fr\/index.php?rest_route=\/wp\/v2\/pages\/45"}],"wp:attachment":[{"href":"https:\/\/www.uncoupdemeung.fr\/index.php?rest_route=%2Fwp%2Fv2%2Fmedia&parent=51"}],"curies":[{"name":"wp","href":"https:\/\/api.w.org\/{rel}","templated":true}]}}

<p>Ce groupe&nbsp;a pour objectifs de partager les savoirs faire pour une production alimentaire durable et agir concrètement via des ateliers.</p>



<p>Organisation&nbsp;: </p>



<ul class="wp-block-list">
<li>Une réunion mensuelle pour l’ensemble du groupe «&nbsp;<strong>On prend la météo et on partage nos expériences</strong>&nbsp;». Cette année, nous nous réunirons principalement sur notre jardin partagé à Baulette. </li>



<li>Un groupe WhatsApp nous permet de nous informés des évènements et actions à réaliser</li>



<li>Si vous souhaitez nous rejoindre n&rsquo;hésitez pas à nous envoyer un petit mail : uncoupdemeung@ecomail-asso.com</li>
</ul>



<p><strong>Jardin partagé</strong></p>



<p>Les évènements mensuels de la commission Jardins seront complétés par un groupe spécifiquement dédié à la <strong>vie du jardin partagé</strong> qui se réunira au besoin au jardin partagé de Baulette. Pour ceux qui ne connaîtraient pas encore notre <strong>jardin partagé</strong> :</p>



<ul class="wp-block-list">
<li>Il se situe à Baulette, le long de la Loire à vélo, à 5 min en vélo du mail de Meung sur Loire.</li>



<li>Anciennement géré par l&rsquo;association « Un brin de soleil » (jusqu&rsquo;à fin 2021), le terrain est mis à disposition par un habitant de Baule sous condition d&rsquo;entretien et une reconduction annuelle.</li>



<li>Il est ouvert à tous les adhérents qui le souhaitent (inscription par retour de mail, signature du règlement intérieur)</li>



<li>C&rsquo;est un lieu de partage d&rsquo;expériences (activité en groupe selon planning) et d&rsquo;expérience (permaculture, biodiversité, association de culture&#8230;), pour faciliter ce partage, on vous propose de privilégier un créneau <strong>tous les samedis matin de 10h à 12h </strong>pour venir au jardin<strong>.</strong></li>



<li>C&rsquo;est aussi un espace de détente ouvert aux jardiniers quand ils le souhaitent (pas besoin d&rsquo;être à plusieurs systématiquement), le cadenas a code à l&rsquo;entrée vous permet d&rsquo;intervenir quand vous voulez.</li>



<li>Un cabanon avec des outils est à disposition des jardiniers sur place (nous prévoyons d&rsquo;acheter une grelinette prochainement), des réservoirs à eau sont aussi disponibles pour l&rsquo;arrosage.</li>



<li>Chantiers à prévoir en 2023-2024 : nouveau dessin du jardin, alimentation en eau, nettoyage, réhabilitation d&rsquo;une partie de la serre</li>



<li><a href="https://www.uncoupdemeung.fr/?p=886"><mark style="background-color:rgba(0, 0, 0, 0)" class="has-inline-color has-vivid-red-color">Evènements mensuels du Jardin partagé de Baulette – Un coup de Meung pour la planète</mark></a></li>
</ul>



<p><strong>Projet Forêt Jardin</strong></p>



<p>Pour compléter le tour d&rsquo;horizon, nous sommes toujours en recherche d&rsquo;un terrain sur lequel investir sur du long terme avec plantation d&rsquo;arbres, de fruitiers, d&rsquo;arbuste, et autres afin de créer une forêt jardin. Si vous êtes intéressés, faites nous signe, un groupe de travail regroupant les associations de Cléry en transition (Cléry St André), De la graine aux fruits (Lailly en val), Le labO (Beaugency), Le coquelicot (St Hilaire st Mesmin), &#8230;</p>



<p>Un <a href="https://www.uncoupdemeung.fr/?p=595">projet de Forêt Verger</a> a été initié début 2023, au programme du printemps: débroussaillage, inventaire des espèces présentes, choix de la zone d&rsquo;implantation de la forêt jardin, partage au plus grand nombre ! A la suite, choix des espèces fruitières à ajouter, recherche de financement,  achat des plant, plantations !</p>

<p>Ce groupe&nbsp;a pour objectifs de partager les savoirs faire pour une production alimentaire durable et agir concrètement via des ateliers. Organisation&nbsp;: Jardin partagé Les évènements mensuels de la commission Jardins [&hellip;]</p>
