{"id":1959,"date":"2026-01-20T12:43:25","date_gmt":"2026-01-20T11:43:25","guid":{"rendered":"https:\/\/www.uncoupdemeung.fr\/?post_type=tribe_events&#038;p=1959"},"modified":"2026-01-20T12:43:25","modified_gmt":"2026-01-20T11:43:25","slug":"fete-de-leau-par-les-fous-de-bassan","status":"publish","type":"tribe_events","link":"https:\/\/www.uncoupdemeung.fr\/?tribe_events=fete-de-leau-par-les-fous-de-bassan","title":{"rendered":"F\u00eate de l\u2019eau par les Fous de Bassan"},"content":{"rendered":"<div>Apr\u00e8s la F\u00eate de l\u2019eau de Tournoisis, la compagnie\u00a0<i>les fous de bassan !<\/i>\u00a0poursuit le projet\u00a0<i>LETTRES DU PAYS : L\u2019eau, c\u2019est la vie !<\/i>\u00a0avec une seconde journ\u00e9e de rencontres, de r\u00e9flexion et de convivialit\u00e9 \u00e0\u00a0<b>Chaingy<\/b>.<\/div>\n<div><\/div>\n<div>Tout au long de l\u2019apr\u00e8s-midi et de la soir\u00e9e, la\u00a0<b>F\u00eate de l\u2019eau #2<\/b>\u00a0invitera \u00e0 s\u2019informer, partager, questionner et c\u00e9l\u00e9brer l\u2019eau ensemble. Habitants et habitantes, associations, artistes, scientifiques et partenaires se retrouveront autour de\u00a0<b>stands d\u2019information, d\u2019installations, d\u2019expositions et de spectacles et sayn\u00e8tes\u00a0<\/b>nourris par les lettres re\u00e7ues du territoire. Des\u00a0<b>interventions d\u2019expert\u00b7es<\/b>\u00a0viendront \u00e9clairer les enjeux li\u00e9s \u00e0 la ressource et aux usages, afin de croiser savoirs, exp\u00e9riences et points de vue.<\/div>\n<div><\/div>\n<div>\u00c0 15h, \u00e0 la salle des f\u00eates, sera pr\u00e9sent\u00e9 le\u00a0<b>spectacle<\/b>\u00a0cr\u00e9\u00e9 \u00e0 partir des lettres, accompagn\u00e9 des photographies d\u2019H\u00e9l\u00e8ne Degrandpr\u00e9\u00a0:\u00a0<i>Banquet de lettres et d\u2019eau<\/i>.<\/div>\n<div><\/div>\n<div>La journ\u00e9e se prolongera \u00e0 20h par un\u00a0<b>repas convivial<\/b>\u00a0imagin\u00e9 et concoct\u00e9 par Maxime, ponctu\u00e9 de surprises et de jeux, fid\u00e8le \u00e0 l\u2019esprit de la F\u00eate de l\u2019eau : joyeux, partag\u00e9 et ouvert. Tarif : 25 \u20ac (hors boissons). R\u00e9servation indispensable au plus tard le mardi 27 janvier.<\/div>\n<div><\/div>\n<div>Le programme d\u00e9taill\u00e9 sera communiqu\u00e9 tr\u00e8s prochainement, mais retenez d\u00e8s \u00e0 pr\u00e9sent cette date pour venir penser, apprendre et f\u00eater l\u2019eau comme un bien commun. Et venez habill\u00e9\u00b7es en bleu\u00a0!<\/div>\n<div><\/div>\n<div>\u00b7\u00a0\u00a0\u00a0\u00a0\u00a0\u00a0<b>samedi 31 janvier 2026<\/b>, 14h-22h, Salle des f\u00eates &amp; CAC,\u00a0<b>Chaingy<\/b>\u00a0(45)<br \/>\nR\u00e9servations pour le spectacle de 15h et pour le repas du soir (avant le 27 janvier) au 02 38 44 95 95 ou<span class=\"Apple-converted-space\">\u00a0<\/span><a href=\"mailto:contact@lesfousdebassan.org\">contact@lesfousdebassan.org<\/a><\/div>\n<div><\/div>\n<div>Vous trouverez ci-joint quelques photos d\u2019H\u00e9l\u00e8ne Degrandpr\u00e9 de la F\u00eate de l\u2019eau #1 de Tournoisis.<\/div>\n<div><\/div>\n<div>Au plaisir de vous accueillir pour cette F\u00eate de l\u2019eau\u00a0!<\/div>\n<div>Vous souhaitant une tr\u00e8s belle ann\u00e9e 2026,<\/div>\n","protected":false},"excerpt":{"rendered":"<p>Apr\u00e8s la F\u00eate de l\u2019eau de Tournoisis, la compagnie\u00a0les fous de bassan !\u00a0poursuit le projet\u00a0LETTRES DU PAYS : L\u2019eau, c\u2019est la vie !\u00a0avec une seconde journ\u00e9e de rencontres, de r\u00e9flexion [&hellip;]<\/p>\n","protected":false},"author":3,"featured_media":0,"comment_status":"open","ping_status":"closed","template":"","meta":{"_tribe_events_status":"","_tribe_events_status_reason":"","footnotes":""},"tags":[],"tribe_events_cat":[],"class_list":["post-1959","tribe_events","type-tribe_events","status-publish","hentry","entry"],"_links":{"self":[{"href":"https:\/\/www.uncoupdemeung.fr\/index.php?rest_route=\/wp\/v2\/tribe_events\/1959","targetHints":{"allow":["GET"]}}],"collection":[{"href":"https:\/\/www.uncoupdemeung.fr\/index.php?rest_route=\/wp\/v2\/tribe_events"}],"about":[{"href":"https:\/\/www.uncoupdemeung.fr\/index.php?rest_route=\/wp\/v2\/types\/tribe_events"}],"author":[{"embeddable":true,"href":"https:\/\/www.uncoupdemeung.fr\/index.php?rest_route=\/wp\/v2\/users\/3"}],"replies":[{"embeddable":true,"href":"https:\/\/www.uncoupdemeung.fr\/index.php?rest_route=%2Fwp%2Fv2%2Fcomments&post=1959"}],"version-history":[{"count":1,"href":"https:\/\/www.uncoupdemeung.fr\/index.php?rest_route=\/wp\/v2\/tribe_events\/1959\/revisions"}],"predecessor-version":[{"id":1961,"href":"https:\/\/www.uncoupdemeung.fr\/index.php?rest_route=\/wp\/v2\/tribe_events\/1959\/revisions\/1961"}],"wp:attachment":[{"href":"https:\/\/www.uncoupdemeung.fr\/index.php?rest_route=%2Fwp%2Fv2%2Fmedia&parent=1959"}],"wp:term":[{"taxonomy":"post_tag","embeddable":true,"href":"https:\/\/www.uncoupdemeung.fr\/index.php?rest_route=%2Fwp%2Fv2%2Ftags&post=1959"},{"taxonomy":"tribe_events_cat","embeddable":true,"href":"https:\/\/www.uncoupdemeung.fr\/index.php?rest_route=%2Fwp%2Fv2%2Ftribe_events_cat&post=1959"}],"curies":[{"name":"wp","href":"https:\/\/api.w.org\/{rel}","templated":true}]}}

Fête de l’eau par les Fous de Bassan

<div>Après la Fête de l’eau de Tournoisis, la compagnie <i>les fous de bassan !</i> poursuit le projet <i>LETTRES DU PAYS : L’eau, c’est la vie !</i> avec une seconde journée de rencontres, de réflexion et de convivialité à <b>Chaingy</b>.</div>
<div></div>
<div>Tout au long de l’après-midi et de la soirée, la <b>Fête de l’eau #2</b> invitera à s’informer, partager, questionner et célébrer l’eau ensemble. Habitants et habitantes, associations, artistes, scientifiques et partenaires se retrouveront autour de <b>stands d’information, d’installations, d’expositions et de spectacles et saynètes </b>nourris par les lettres reçues du territoire. Des <b>interventions d’expert·es</b> viendront éclairer les enjeux liés à la ressource et aux usages, afin de croiser savoirs, expériences et points de vue.</div>
<div></div>
<div>À 15h, à la salle des fêtes, sera présenté le <b>spectacle</b> créé à partir des lettres, accompagné des photographies d’Hélène Degrandpré : <i>Banquet de lettres et d’eau</i>.</div>
<div></div>
<div>La journée se prolongera à 20h par un <b>repas convivial</b> imaginé et concocté par Maxime, ponctué de surprises et de jeux, fidèle à l’esprit de la Fête de l’eau : joyeux, partagé et ouvert. Tarif : 25 € (hors boissons). Réservation indispensable au plus tard le mardi 27 janvier.</div>
<div></div>
<div>Le programme détaillé sera communiqué très prochainement, mais retenez dès à présent cette date pour venir penser, apprendre et fêter l’eau comme un bien commun. Et venez habillé·es en bleu !</div>
<div></div>
<div>·      <b>samedi 31 janvier 2026</b>, 14h-22h, Salle des fêtes &amp; CAC, <b>Chaingy</b> (45)<br />
Réservations pour le spectacle de 15h et pour le repas du soir (avant le 27 janvier) au 02 38 44 95 95 ou<span class="Apple-converted-space"> </span><a href="mailto:contact@lesfousdebassan.org">contact@lesfousdebassan.org</a></div>
<div></div>
<div>Vous trouverez ci-joint quelques photos d’Hélène Degrandpré de la Fête de l’eau #1 de Tournoisis.</div>
<div></div>
<div>Au plaisir de vous accueillir pour cette Fête de l’eau !</div>
<div>Vous souhaitant une très belle année 2026,</div>

<p>Après la Fête de l’eau de Tournoisis, la compagnie les fous de bassan ! poursuit le projet LETTRES DU PAYS : L’eau, c’est la vie ! avec une seconde journée de rencontres, de réflexion [&hellip;]</p>
